{"id":3022,"date":"2023-10-28T14:42:13","date_gmt":"2023-10-28T12:42:13","guid":{"rendered":"https:\/\/stubenjazz.de\/stj\/?page_id=3022"},"modified":"2024-08-21T11:51:54","modified_gmt":"2024-08-21T09:51:54","slug":"termine-la-connection","status":"publish","type":"page","link":"https:\/\/stubenjazz.de\/stj\/termine-la-connection\/","title":{"rendered":"Termine LA-Connection"},"content":{"rendered":"\t\t<div data-elementor-type=\"wp-page\" data-elementor-id=\"3022\" class=\"elementor elementor-3022\">\n\t\t\t\t\t\t<section class=\"elementor-section elementor-top-section elementor-element elementor-element-1b0a546a elementor-section-boxed elementor-section-height-default elementor-section-height-default\" data-id=\"1b0a546a\" data-element_type=\"section\">\n\t\t\t\t\t\t<div class=\"elementor-container elementor-column-gap-default\">\n\t\t\t\t\t<div class=\"elementor-column elementor-col-100 elementor-top-column elementor-element elementor-element-477582d1\" data-id=\"477582d1\" data-element_type=\"column\">\n\t\t\t<div class=\"elementor-widget-wrap elementor-element-populated\">\n\t\t\t\t\t\t<div class=\"elementor-element elementor-element-4818dc57 elementor-widget elementor-widget-text-editor\" data-id=\"4818dc57\" data-element_type=\"widget\" data-widget_type=\"text-editor.default\">\n\t\t\t\t<div class=\"elementor-widget-container\">\n\t\t\t\t\t\t\t<!-- wp:paragraph -->\n<p>\u00a0<\/p>\n<!-- \/wp:paragraph --><!-- wp:stackable\/columns {\"uniqueId\":\"771d36f\"} -->\n<div class=\"wp-block-stackable-columns stk-block-columns stk-block stk-771d36f\" data-block-id=\"771d36f\">\n<div class=\"stk-row stk-inner-blocks stk-block-content stk-content-align stk-771d36f-column\"><!-- wp:stackable\/column {\"uniqueId\":\"c6b238c\",\"hasContainer\":true,\"containerBackgroundColor\":\"#f2f2f2\",\"className\":\"\"} -->\n<div class=\"wp-block-stackable-column stk-block-column stk-column stk-block stk-c6b238c\" data-v=\"4\" data-block-id=\"c6b238c\"><style>.stk-c6b238c-container{background-color:#f2f2f2 !important}.stk-c6b238c-container:before{background-color:#f2f2f2 !important}<\/style>\n<div class=\"stk-column-wrapper stk-block-column__content stk-container stk-c6b238c-container stk-hover-parent\">\n<div class=\"stk-block-content stk-inner-blocks stk-c6b238c-inner-blocks\"><!-- wp:heading {\"textAlign\":\"center\",\"level\":1,\"textColor\":\"black\"} -->\n<h1 class=\"wp-block-heading has-text-align-center has-black-color has-text-color\">Termine LA-Connection<\/h1>\n<!-- \/wp:heading --><!-- wp:advgb\/columns {\"columns\":2,\"columnsLayout\":\"45-15\",\"colId\":\"advgb-cols-2157d485-dbf4-4f4b-a397-48fc0c88f7cd\",\"changed\":true} -->\n<div id=\"advgb-cols-2157d485-dbf4-4f4b-a397-48fc0c88f7cd\" class=\"wp-block-advgb-columns advgb-columns-wrapper\">\n<div class=\"advgb-columns-container\">\n<div class=\"advgb-columns advgb-columns-row advgb-is-mobile advgb-columns-2 layout-45-15 mbl-layout-stacked vgutter-10\"><!-- wp:advgb\/column {\"colId\":\"advgb-col-152683fd-ea9c-4dac-a5e7-be66ce7b705d\",\"changed\":true} -->\n<div id=\"advgb-col-152683fd-ea9c-4dac-a5e7-be66ce7b705d\" class=\"wp-block-advgb-column advgb-column\">\n<div class=\"advgb-column-inner\" style=\"border-style: none; border-width: 1px;\"><!-- wp:shortcode --> \n<table id=\"tablepress-18\" class=\"tablepress tablepress-id-18\">\n<tbody>\n<tr class=\"row-1\">\n\t<td class=\"column-1\"><\/td><td class=\"column-2\"><\/td><td class=\"column-3\"><\/td><td class=\"column-4\"><\/td>\n<\/tr>\n<tr class=\"row-2\">\n\t<td class=\"column-1\"><\/td><td class=\"column-2\"><\/td><td class=\"column-3\"><\/td><td class=\"column-4\"><\/td>\n<\/tr>\n<tr class=\"row-3\">\n\t<td class=\"column-1\"><a href=\"https:\/\/stubenjazz.de\/stj\/termine-la-connection\/\">2023 <\/a><\/td><td class=\"column-2\"><\/td><td class=\"column-3\"><\/td><td class=\"column-4\"><\/td>\n<\/tr>\n<tr class=\"row-4\">\n\t<td class=\"column-1\"><a href=\"https:\/\/stubenjazz.de\/stj\/termine-la-connection\/\">SZ 1<\/a><\/td><td class=\"column-2\"><\/td><td class=\"column-3\"><\/td><td class=\"column-4\"><\/td>\n<\/tr>\n<tr class=\"row-5\">\n\t<td class=\"column-1\">Di 2. Mai<\/td><td class=\"column-2\">dAS qARTett &amp; Dorothea Dieckmann<\/td><td class=\"column-3\"><\/td><td class=\"column-4\"><a href=\"https:\/\/stubenjazz.de\/stj\/2-mai-2023\/\/\">Impressionen <\/a><\/td>\n<\/tr>\n<tr class=\"row-6\">\n\t<td class=\"column-1\">Di 4. Juli<\/td><td class=\"column-2\">Carlo Lorenzi &#8211; MTO &amp; Katrin Seglitz<\/td><td class=\"column-3\"><\/td><td class=\"column-4\"><a href=\"https:\/\/stubenjazz.de\/stj\/4-juli-2023\/\">Details <\/a><\/td>\n<\/tr>\n<tr class=\"row-7\">\n\t<td class=\"column-1\">Di 5. Sept<\/td><td class=\"column-2\">STUBENJAZZ-Trio &amp; J\u00fcrgen Weing<\/td><td class=\"column-3\"><\/td><td class=\"column-4\"><a href=\"https:\/\/stubenjazz.de\/stj\/5-september-2023\/\">Details <\/a><\/td>\n<\/tr>\n<tr class=\"row-8\">\n\t<td class=\"column-1\">Di 7. Nov<\/td><td class=\"column-2\">Isolde Werner &#8211; Eva-Maria Ogrzewalla &#8211; Karoline H\u00f6fler- MTO &amp; Chris Inken Soppa<\/td><td class=\"column-3\"><\/td><td class=\"column-4\"><a href=\"https:\/\/stubenjazz.de\/stj\/7-november-2023\/\">Details <\/a><\/td>\n<\/tr>\n<tr class=\"row-9\">\n\t<td class=\"column-1\"><\/td><td class=\"column-2\"><\/td><td class=\"column-3\"><\/td><td class=\"column-4\"><\/td>\n<\/tr>\n<tr class=\"row-10\">\n\t<td class=\"column-1\"><a href=\"https:\/\/stubenjazz.de\/stj\/termine-la-connection\/\">2024 <\/a><\/td><td class=\"column-2\"><\/td><td class=\"column-3\"><\/td><td class=\"column-4\"><\/td>\n<\/tr>\n<tr class=\"row-11\">\n\t<td class=\"column-1\"><\/td><td class=\"column-2\"><\/td><td class=\"column-3\"><\/td><td class=\"column-4\"><\/td>\n<\/tr>\n<tr class=\"row-12\">\n\t<td class=\"column-1\">Di 9. Jan<\/td><td class=\"column-2\">MTO-Tobias R\u00e4dle-Arpi Ketterl-Ralf Gustke &amp; Doris Vogel<\/td><td class=\"column-3\"><a href=\"https:\/\/youtu.be\/hEcTvqjO_qk?si=gJK8-sjCyht__3J9\">Impressionen <\/a><\/td><td class=\"column-4\"><a href=\"https:\/\/stubenjazz.de\/stj\/9-januar-2024\/\">Details <\/a><\/td>\n<\/tr>\n<tr class=\"row-13\">\n\t<td class=\"column-1\"><a href=\"https:\/\/stubenjazz.de\/stj\/termine-la-connection\/\">SZ 2<\/a><\/td><td class=\"column-2\"><\/td><td class=\"column-3\"><\/td><td class=\"column-4\"><\/td>\n<\/tr>\n<tr class=\"row-14\">\n\t<td class=\"column-1\">Di 5. M\u00e4rz<\/td><td class=\"column-2\">Benjamin Engel &#8211; MTO &#8211; Jonas Engel  &amp; Barbara Marie Hoffmann<\/td><td class=\"column-3\"><\/td><td class=\"column-4\"><a href=\"https:\/\/stubenjazz.de\/stj\/5-maerz-2024\/\">Details <\/a><\/td>\n<\/tr>\n<tr class=\"row-15\">\n\t<td class=\"column-1\">Di 7. Mai<\/td><td class=\"column-2\">Joo Kraus &#8211; MTO &#8211; Ralf Merten &amp; Arnold Stadler <\/td><td class=\"column-3\"><a href=\"https:\/\/youtu.be\/jIwwsEeUxhI?si=vpaWW4tF3pX1Xd0s\">Impressionen <\/a><\/td><td class=\"column-4\"><a href=\"https:\/\/stubenjazz.de\/stj\/7-mai-2024\/\">Details <\/a><\/td>\n<\/tr>\n<tr class=\"row-16\">\n\t<td class=\"column-1\">Di 2. Juli<\/td><td class=\"column-2\">Veit H\u00fcbner &#8211; Stephan Reinthaler &#8211; Andreas Dehner &#8211; MTO &amp; Ingrid Koch<\/td><td class=\"column-3\"><a href=\"https:\/\/youtu.be\/nHqIxaza7zI?si=sE38l4pwCo8DPVka\">Impressionen <\/a><\/td><td class=\"column-4\"><a href=\"https:\/\/stubenjazz.de\/stj\/2-juli-2024\/\">Details <\/a><\/td>\n<\/tr>\n<tr class=\"row-17\">\n\t<td class=\"column-1\">Di 3. Sept<\/td><td class=\"column-2\">Andreas Reif &#8211; Huub Claessens &#8211; MTO &amp; Felicitas Andresen.<\/td><td class=\"column-3\"><a href=\"https:\/\/youtu.be\/GWqWwmqO22c?si=O2ItOM71VB7OBXk8\">Impressionen <\/a><\/td><td class=\"column-4\"><a href=\"https:\/\/stubenjazz.de\/stj\/3-september-2024\/\">Details <\/a><\/td>\n<\/tr>\n<tr class=\"row-18\">\n\t<td class=\"column-1\">Di 5. Nov<\/td><td class=\"column-2\">Florian Rummel  &#8211; Heiner Merk &#8211; MTO  &amp;  Joachim Off<\/td><td class=\"column-3\"><a href=\"https:\/\/youtu.be\/GWqWwmqO22c?si=O2ItOM71VB7OBXk8\">Impressionen <\/a><\/td><td class=\"column-4\"><a href=\"https:\/\/stubenjazz.de\/stj\/5-november-2024\/\">Details <\/a><\/td>\n<\/tr>\n<tr class=\"row-19\">\n\t<td class=\"column-1\"><\/td><td class=\"column-2\"><\/td><td class=\"column-3\"><\/td><td class=\"column-4\"><\/td>\n<\/tr>\n<tr class=\"row-20\">\n\t<td class=\"column-1\"><a href=\"https:\/\/stubenjazz.de\/stj\/termine-la-connection\/\">2025 <\/a><\/td><td class=\"column-2\"><\/td><td class=\"column-3\"><\/td><td class=\"column-4\"><\/td>\n<\/tr>\n<tr class=\"row-21\">\n\t<td class=\"column-1\"><\/td><td class=\"column-2\"><\/td><td class=\"column-3\"><\/td><td class=\"column-4\"><\/td>\n<\/tr>\n<tr class=\"row-22\">\n\t<td class=\"column-1\">Di 7. Jan<\/td><td class=\"column-2\">Axel Schlosser &#8211; Michael Fl\u00fcgel &#8211; Rosario Bonaccorso &#8211; Patrick Manzecchi  &#8211; MTO &amp; Jeremias Heppeler<\/td><td class=\"column-3\"><a href=\"https:\/\/youtu.be\/cS0TSZEZaJs?si=no5vn3R6MATPYob-\">Impressionen <\/a><\/td><td class=\"column-4\"><a href=\"https:\/\/stubenjazz.de\/stj\/7-januar-2025\/\">Details <\/a><\/td>\n<\/tr>\n<tr class=\"row-23\">\n\t<td class=\"column-1\"><a href=\"https:\/\/stubenjazz.de\/stj\/termine-la-connection\/\">SZ 3<\/a><\/td><td class=\"column-2\"><\/td><td class=\"column-3\"><\/td><td class=\"column-4\"><\/td>\n<\/tr>\n<tr class=\"row-24\">\n\t<td class=\"column-1\">Di 11. M\u00e4rz<\/td><td class=\"column-2\">Blech &amp; Poesie mit J\u00fcrgen Weing<br \/>\nund Arkady Shilkloper, Johannes B\u00e4r &amp; MTO<\/td><td class=\"column-3\"><a href=\"https:\/\/youtu.be\/zoYffA0C4zY?si=n73IdwJNhCdwIH6_\">Impressionen <\/a><\/td><td class=\"column-4\"><a href=\"https:\/\/stubenjazz.de\/stj\/11-maerz-2025\/\">Details <\/a><\/td>\n<\/tr>\n<tr class=\"row-25\">\n\t<td class=\"column-1\">Di 20. Mai<\/td><td class=\"column-2\">MTO-Tobias R\u00e4dle-Arpi Ketterl-Ralf Gustke &amp; Doris Vogel<\/td><td class=\"column-3\"><a href=\"https:\/\/youtu.be\/oFkuBDJBEXU?si=w7PZKRHF7P5oQkkZ\">Impressionen <\/a><\/td><td class=\"column-4\">LA CONNECTION goes to Schlo\u00df Salem<br \/>\n<a href=\"https:\/\/stubenjazz.de\/stj\/20-mai-2025\/\">Details <\/a><\/td>\n<\/tr>\n<tr class=\"row-26\">\n\t<td class=\"column-1\">Di 1. Juli<\/td><td class=\"column-2\">Martin Oswald &amp; Duo Maja Taube (Harfe) &#8211; Michael T. Otto (div. Blechblasinstrumente)  <\/td><td class=\"column-3\"><a href=\"https:\/\/youtu.be\/cWAGB1uclDY?si=yWtb0suI2EPV1RXQ\">Impressionen <\/a><\/td><td class=\"column-4\">im KommproBier Langenargen <a href=\"https:\/\/stubenjazz.de\/stj\/1-juli-2025\/\">Details <\/a><\/td>\n<\/tr>\n<tr class=\"row-27\">\n\t<td class=\"column-1\">Sa  4. Okt<\/td><td class=\"column-2\">Ossi Burger &amp; Anna Striegl (Steirische Harmonika ) &#8211; Michael T. Otto  (Kuhlohorn) &#8211; Florian King (Kontrabass) &#8211; Carlo Lorenzi (Schlagzeug)<\/td><td class=\"column-3\">Eintritt Frei!!<\/td><td class=\"column-4\">LA CONNECTION goes to KIESEL Friedrichshafen<br \/>\n<\/td>\n<\/tr>\n<tr class=\"row-28\">\n\t<td class=\"column-1\"><\/td><td class=\"column-2\"><\/td><td class=\"column-3\"><\/td><td class=\"column-4\"><\/td>\n<\/tr>\n<tr class=\"row-29\">\n\t<td class=\"column-1\"><a href=\"https:\/\/stubenjazz.de\/stj\/termine-la-connection\/\">2026 <\/a><\/td><td class=\"column-2\"><\/td><td class=\"column-3\"><\/td><td class=\"column-4\"><\/td>\n<\/tr>\n<tr class=\"row-30\">\n\t<td class=\"column-1\">Di 13. Jan<\/td><td class=\"column-2\">Patrick van Odjik  &amp; Michael T. Otto (Fl\u00fcgelhorn), Roger N\u00e4f (Piano), Dave M\u00e4der (E-Bass), Carlo Lorenzi (Schlagzeug)<\/td><td class=\"column-3\"><a href=\"https:\/\/youtu.be\/SvzY5j7ANlo?si=fNS66DmWaC7j3aZF\">Impressionen <\/a><\/td><td class=\"column-4\">im KommproBier Langenargen<\/td>\n<\/tr>\n<tr class=\"row-31\">\n\t<td class=\"column-1\"><a href=\"https:\/\/stubenjazz.de\/stj\/termine-la-connection\/\">SZ 4<\/a><\/td><td class=\"column-2\"><\/td><td class=\"column-3\"><\/td><td class=\"column-4\"><\/td>\n<\/tr>\n<tr class=\"row-32\">\n\t<td class=\"column-1\">Di  21. April<\/td><td class=\"column-2\">Martin Oswald  (Autor) , Michael T. Otto (div. Blechblasinstrumente) &amp; Maja Taube (Harfe) <\/td><td class=\"column-3\"><a href=\"https:\/\/shop.ticketpay.de\/0XPZ0HXK\">Vorverkauf<\/a><\/td><td class=\"column-4\">LA CONNECTION goes to VINEUM Meersburg<br \/>\n<a href=\"https:\/\/www.vineum-bodensee.de\/de\/Kultur-Veranstaltungen\">VINEUM <\/a><\/td>\n<\/tr>\n<tr class=\"row-33\">\n\t<td class=\"column-1\">Di 13. Okt<\/td><td class=\"column-2\">N.N. (Autor)  Selina Hanser (Saxophon-Performance), Michael T. Otto (div. Blechblasinstrumente und Live-Elektronik) \/ Heiner Merk (Sound-Licht und Live-Elektronik) <\/td><td class=\"column-3\">mehr Infos in B\u00e4lde<\/td><td class=\"column-4\">im KommproBier Langenargen<\/td>\n<\/tr>\n<tr class=\"row-34\">\n\t<td class=\"column-1\">Fr 20 Nov<\/td><td class=\"column-2\">N.N. (Autor)  Erich Tiefenthaler(div. Holzblasinstrumente und Live-Elektronik)  &amp; Michael T. Otto  (div. Blechblasinstrumente und Live-Elektronik) <\/td><td class=\"column-3\">mehr Infos in B\u00e4lde<\/td><td class=\"column-4\">LA CONNECTION goes to KIESEL Friedrichshafen<\/td>\n<\/tr>\n<tr class=\"row-35\">\n\t<td class=\"column-1\"><\/td><td class=\"column-2\"><\/td><td class=\"column-3\"><\/td><td class=\"column-4\"><\/td>\n<\/tr>\n<tr class=\"row-36\">\n\t<td class=\"column-1\"><\/td><td class=\"column-2\"><\/td><td class=\"column-3\"><\/td><td class=\"column-4\"><\/td>\n<\/tr>\n<\/tbody>\n<\/table>\n<!-- #tablepress-18 from cache --> <!-- \/wp:shortcode --><\/div>\n<\/div>\n<!-- \/wp:advgb\/column --><!-- wp:advgb\/column {\"colId\":\"advgb-col-44af4598-0b08-49c2-a215-1c4e410c15eb\",\"changed\":true} -->\n<div id=\"advgb-col-44af4598-0b08-49c2-a215-1c4e410c15eb\" class=\"wp-block-advgb-column advgb-column\">\n<div class=\"advgb-column-inner\" style=\"border-style: none; border-width: 1px;\"><!-- wp:heading {\"level\":3,\"textColor\":\"black\"} -->\n<h3 class=\"wp-block-heading has-black-color has-text-color\">Veranstalter<\/h3>\n<!-- \/wp:heading --><!-- wp:uagb\/image {\"block_id\":\"647c867c\",\"url\":\"https:\/\/stubenjazz.de\/stj\/wp-content\/uploads\/2023\/10\/lra_Kulturamt_Logo.jpg\",\"urlTablet\":\"https:\/\/stubenjazz.de\/stj\/wp-content\/uploads\/2023\/10\/lra_Kulturamt_Logo.jpg\",\"urlMobile\":\"https:\/\/stubenjazz.de\/stj\/wp-content\/uploads\/2023\/10\/lra_Kulturamt_Logo.jpg\",\"alt\":\"Kulturamt Landratsamt Bodensee\",\"caption\":\"Kulturamt Landratsamt Bodensee\",\"id\":3029,\"linkDestination\":\"none\",\"naturalWidth\":824,\"naturalHeight\":303,\"sizeSlug\":\"full\",\"sizeSlugTablet\":\"full\",\"sizeSlugMobile\":\"full\"} -->\n<div class=\"wp-block-uagb-image uagb-block-647c867c wp-block-uagb-image--layout-default wp-block-uagb-image--effect-static wp-block-uagb-image--align-none\">\n<figure class=\"wp-block-uagb-image__figure\"><a href=\"https:\/\/www.bodenseekreis.de\/bildung-kultur\/kultur\/\" target=\"_blank\" rel=\"noopener\"><img fetchpriority=\"high\" decoding=\"async\" class=\"uag-image-3029\" title=\"\" src=\"https:\/\/stubenjazz.de\/stj\/wp-content\/uploads\/2023\/10\/lra_Kulturamt_Logo.jpg\" sizes=\"(max-width: 480px) 150px\" srcset=\"https:\/\/stubenjazz.de\/stj\/wp-content\/uploads\/2023\/10\/lra_Kulturamt_Logo.jpg ,https:\/\/stubenjazz.de\/stj\/wp-content\/uploads\/2023\/10\/lra_Kulturamt_Logo.jpg 780w, https:\/\/stubenjazz.de\/stj\/wp-content\/uploads\/2023\/10\/lra_Kulturamt_Logo.jpg 360w\" alt=\"Kulturamt Landratsamt Bodensee\" width=\"824\" height=\"303\" \/><\/a><\/figure>\n<\/div>\n<!-- \/wp:uagb\/image --><!-- wp:heading {\"level\":3,\"textColor\":\"black\"} -->\n<h3 class=\"wp-block-heading has-black-color has-text-color\">Sponsoren<\/h3>\n<!-- \/wp:heading --><!-- wp:uagb\/image {\"block_id\":\"d81f3525\",\"url\":\"https:\/\/stubenjazz.de\/stj\/wp-content\/uploads\/2023\/10\/OEW_Logo-auf-weiss-ALT-1024x241.jpg\",\"urlTablet\":\"https:\/\/stubenjazz.de\/stj\/wp-content\/uploads\/2023\/10\/OEW_Logo-auf-weiss-ALT.jpg\",\"urlMobile\":\"https:\/\/stubenjazz.de\/stj\/wp-content\/uploads\/2023\/10\/OEW_Logo-auf-weiss-ALT.jpg\",\"alt\":\"OEW\",\"caption\":\"OEW\",\"id\":3037,\"linkDestination\":\"none\",\"naturalWidth\":824,\"naturalHeight\":303,\"sizeSlug\":\"large\",\"sizeSlugTablet\":\"large\",\"sizeSlugMobile\":\"large\"} -->\n<div class=\"wp-block-uagb-image uagb-block-d81f3525 wp-block-uagb-image--layout-default wp-block-uagb-image--effect-static wp-block-uagb-image--align-none\">\n<figure class=\"wp-block-uagb-image__figure\"><a href=\"http:\/\/www.oew-energie.de\/\" target=\"_blank\" rel=\"noopener\"><img decoding=\"async\" class=\"uag-image-3037 aligncenter\" title=\"\" src=\"https:\/\/stubenjazz.de\/stj\/wp-content\/uploads\/2023\/10\/OEW_Logo-auf-weiss-ALT-1024x241.jpg\" sizes=\"(max-width: 480px) 150px\" srcset=\"https:\/\/stubenjazz.de\/stj\/wp-content\/uploads\/2023\/10\/OEW_Logo-auf-weiss-ALT-1024x241.jpg ,https:\/\/stubenjazz.de\/stj\/wp-content\/uploads\/2023\/10\/OEW_Logo-auf-weiss-ALT.jpg 780w, https:\/\/stubenjazz.de\/stj\/wp-content\/uploads\/2023\/10\/OEW_Logo-auf-weiss-ALT.jpg 360w\" alt=\"OEW\" width=\"824\" height=\"303\" \/><\/a><\/figure>\n<\/div>\n<!-- \/wp:uagb\/image --><!-- wp:spacer {\"height\":\"10px\"} -->\n<div class=\"wp-block-spacer\" style=\"height: 10px;\" aria-hidden=\"true\">\u00a0<\/div>\n<!-- \/wp:spacer --><!-- wp:uagb\/image {\"block_id\":\"1f834331\",\"url\":\"https:\/\/stubenjazz.de\/stj\/wp-content\/uploads\/2023\/10\/kommprobier-1024x1021.png\",\"urlTablet\":\"https:\/\/stubenjazz.de\/stj\/wp-content\/uploads\/2023\/10\/kommprobier.png\",\"urlMobile\":\"https:\/\/stubenjazz.de\/stj\/wp-content\/uploads\/2023\/10\/kommprobier.png\",\"alt\":\"KommproBier\",\"caption\":\"KommproBier\",\"id\":3042,\"linkDestination\":\"none\",\"naturalWidth\":824,\"naturalHeight\":303,\"sizeSlug\":\"large\",\"sizeSlugTablet\":\"large\",\"sizeSlugMobile\":\"large\"} -->\n<div class=\"wp-block-uagb-image uagb-block-1f834331 wp-block-uagb-image--layout-default wp-block-uagb-image--effect-static wp-block-uagb-image--align-none\">\n<figure class=\"wp-block-uagb-image__figure\"><a href=\"https:\/\/kommprobier.de\/\" target=\"_blank\" rel=\"noopener\"><img decoding=\"async\" class=\"uag-image-3042 aligncenter\" title=\"\" src=\"https:\/\/stubenjazz.de\/stj\/wp-content\/uploads\/2023\/10\/kommprobier-1024x1021.png\" sizes=\"(max-width: 480px) 150px\" srcset=\"https:\/\/stubenjazz.de\/stj\/wp-content\/uploads\/2023\/10\/kommprobier-1024x1021.png ,https:\/\/stubenjazz.de\/stj\/wp-content\/uploads\/2023\/10\/kommprobier.png 780w, https:\/\/stubenjazz.de\/stj\/wp-content\/uploads\/2023\/10\/kommprobier.png 360w\" alt=\"KommproBier\" width=\"824\" height=\"303\" \/><\/a><\/figure>\n<\/div>\n<!-- \/wp:uagb\/image --><!-- wp:spacer {\"height\":\"10px\"} -->\n<div class=\"wp-block-spacer\" style=\"height: 10px;\" aria-hidden=\"true\">\u00a0<\/div>\n<!-- \/wp:spacer --><!-- wp:uagb\/image {\"block_id\":\"d09fd9c4\",\"url\":\"https:\/\/stubenjazz.de\/stj\/wp-content\/uploads\/2023\/10\/Seeperle.png\",\"urlTablet\":\"https:\/\/stubenjazz.de\/stj\/wp-content\/uploads\/2023\/10\/Seeperle.png\",\"urlMobile\":\"https:\/\/stubenjazz.de\/stj\/wp-content\/uploads\/2023\/10\/Seeperle.png\",\"alt\":\"Seeperle\",\"caption\":\"Seeperle\",\"id\":3040,\"linkDestination\":\"none\",\"naturalWidth\":824,\"naturalHeight\":303,\"sizeSlug\":\"full\",\"sizeSlugTablet\":\"full\",\"sizeSlugMobile\":\"full\"} -->\n<div class=\"wp-block-uagb-image uagb-block-d09fd9c4 wp-block-uagb-image--layout-default wp-block-uagb-image--effect-static wp-block-uagb-image--align-none\">\n<figure class=\"wp-block-uagb-image__figure\"><a href=\"https:\/\/www.seeperle.de\/\" target=\"_blank\" rel=\"noopener\"><img loading=\"lazy\" decoding=\"async\" class=\"uag-image-3040 aligncenter\" title=\"\" src=\"https:\/\/stubenjazz.de\/stj\/wp-content\/uploads\/2023\/10\/Seeperle.png\" sizes=\"(max-width: 480px) 150px\" srcset=\"https:\/\/stubenjazz.de\/stj\/wp-content\/uploads\/2023\/10\/Seeperle.png ,https:\/\/stubenjazz.de\/stj\/wp-content\/uploads\/2023\/10\/Seeperle.png 780w, https:\/\/stubenjazz.de\/stj\/wp-content\/uploads\/2023\/10\/Seeperle.png 360w\" alt=\"Seeperle\" width=\"824\" height=\"303\" \/><\/a><\/figure>\n<\/div>\n<!-- \/wp:uagb\/image --><!-- wp:spacer {\"height\":\"10px\"} -->\n<div class=\"wp-block-spacer\" style=\"height: 10px;\" aria-hidden=\"true\">\u00a0<\/div>\n<!-- \/wp:spacer --><!-- wp:uagb\/image {\"block_id\":\"dbdb2e61\",\"url\":\"https:\/\/stubenjazz.de\/stj\/wp-content\/uploads\/2023\/10\/Mueller-1024x183.jpg\",\"urlTablet\":\"https:\/\/stubenjazz.de\/stj\/wp-content\/uploads\/2023\/10\/Mueller.jpg\",\"urlMobile\":\"https:\/\/stubenjazz.de\/stj\/wp-content\/uploads\/2023\/10\/Mueller.jpg\",\"alt\":\"Druckhaus M\u00fcller\",\"caption\":\"Druckhaus M\u00fcller\",\"id\":3036,\"linkDestination\":\"none\",\"naturalWidth\":824,\"naturalHeight\":303,\"sizeSlug\":\"large\",\"sizeSlugTablet\":\"large\",\"sizeSlugMobile\":\"large\"} -->\n<div class=\"wp-block-uagb-image uagb-block-dbdb2e61 wp-block-uagb-image--layout-default wp-block-uagb-image--effect-static wp-block-uagb-image--align-none\">\n<figure class=\"wp-block-uagb-image__figure\"><a href=\"https:\/\/www.druckhaus-mueller.de\/\" target=\"_blank\" rel=\"noopener\"><img loading=\"lazy\" decoding=\"async\" class=\"uag-image-3036 aligncenter\" title=\"\" src=\"https:\/\/stubenjazz.de\/stj\/wp-content\/uploads\/2023\/10\/Mueller-1024x183.jpg\" sizes=\"(max-width: 480px) 150px\" srcset=\"https:\/\/stubenjazz.de\/stj\/wp-content\/uploads\/2023\/10\/Mueller-1024x183.jpg ,https:\/\/stubenjazz.de\/stj\/wp-content\/uploads\/2023\/10\/Mueller.jpg 780w, https:\/\/stubenjazz.de\/stj\/wp-content\/uploads\/2023\/10\/Mueller.jpg 360w\" alt=\"Druckhaus M\u00fcller\" width=\"824\" height=\"303\" \/><\/a><br \/><a href=\"https:\/\/www.engel-bodensee.de\/de\" target=\"_blank\" rel=\"noopener\"><img loading=\"lazy\" decoding=\"async\" class=\"size-medium wp-image-3385 aligncenter\" src=\"https:\/\/stubenjazz.de\/stj\/wp-content\/uploads\/2024\/08\/Logo-Engel-Langenargen-300x166.png\" alt=\"\" width=\"300\" height=\"166\" srcset=\"https:\/\/stubenjazz.de\/stj\/wp-content\/uploads\/2024\/08\/Logo-Engel-Langenargen-300x166.png 300w, https:\/\/stubenjazz.de\/stj\/wp-content\/uploads\/2024\/08\/Logo-Engel-Langenargen.png 484w\" sizes=\"(max-width: 300px) 100vw, 300px\" \/><\/a><br \/><br \/><a href=\"https:\/\/www.hotel-krone-langenargen.de\/\" target=\"_blank\" rel=\"noopener\"><img loading=\"lazy\" decoding=\"async\" class=\"size-medium wp-image-3386 aligncenter\" src=\"https:\/\/stubenjazz.de\/stj\/wp-content\/uploads\/2024\/08\/hotel_krone_logo-300x212.png\" alt=\"\" width=\"300\" height=\"212\" srcset=\"https:\/\/stubenjazz.de\/stj\/wp-content\/uploads\/2024\/08\/hotel_krone_logo-300x212.png 300w, https:\/\/stubenjazz.de\/stj\/wp-content\/uploads\/2024\/08\/hotel_krone_logo.png 640w\" sizes=\"(max-width: 300px) 100vw, 300px\" \/><\/a><\/figure>\n<p>\u00a0<\/p>\n<\/div>\n<!-- \/wp:uagb\/image --><\/div>\n<\/div>\n<!-- \/wp:advgb\/column --><\/div>\n<\/div>\n<\/div>\n<!-- \/wp:advgb\/columns --><!-- wp:spacer {\"height\":\"50px\"} -->\n<div class=\"wp-block-spacer\" style=\"height: 50px;\" aria-hidden=\"true\">\u00a0<\/div>\n<!-- \/wp:spacer --><\/div>\n<\/div>\n<\/div>\n<!-- \/wp:stackable\/column --><\/div>\n<\/div>\n<!-- \/wp:stackable\/columns -->\t\t\t\t\t\t<\/div>\n\t\t\t\t<\/div>\n\t\t\t\t\t<\/div>\n\t\t<\/div>\n\t\t\t\t\t<\/div>\n\t\t<\/section>\n\t\t\t\t<\/div>\n\t\t","protected":false},"excerpt":{"rendered":"<p>\u00a0 Termine LA-Connection<\/p>\n","protected":false},"author":1,"featured_media":0,"parent":0,"menu_order":0,"comment_status":"closed","ping_status":"closed","template":"page-templates\/page-fullwidth.php","meta":{"_coblocks_attr":"","_coblocks_dimensions":"","_coblocks_responsive_height":"","_coblocks_accordion_ie_support":"","_uag_custom_page_level_css":"","ub_ctt_via":"","advgb_blocks_editor_width":"","advgb_blocks_columns_visual_guide":"","footnotes":""},"featured_image_src":null,"uagb_featured_image_src":{"full":false,"thumbnail":false,"medium":false,"medium_large":false,"large":false,"1536x1536":false,"2048x2048":false},"uagb_author_info":{"display_name":"Andrea","author_link":"https:\/\/stubenjazz.de\/stj\/author\/andrea\/"},"uagb_comment_info":0,"uagb_excerpt":"\u00a0 Termine LA-Connection","coauthors":[],"author_meta":{"author_link":"https:\/\/stubenjazz.de\/stj\/author\/andrea\/","display_name":"Andrea"},"relative_dates":{"created":"Posted 3\u00a0Jahren ago","modified":"Updated 2\u00a0Jahren ago"},"absolute_dates":{"created":"Posted on 28. Oktober 2023","modified":"Updated on 21. August 2024"},"absolute_dates_time":{"created":"Posted on 28. Oktober 2023 14:42","modified":"Updated on 21. August 2024 11:51"},"featured_img_caption":"","featured_img":false,"series_order":"","_links":{"self":[{"href":"https:\/\/stubenjazz.de\/stj\/wp-json\/wp\/v2\/pages\/3022"}],"collection":[{"href":"https:\/\/stubenjazz.de\/stj\/wp-json\/wp\/v2\/pages"}],"about":[{"href":"https:\/\/stubenjazz.de\/stj\/wp-json\/wp\/v2\/types\/page"}],"author":[{"embeddable":true,"href":"https:\/\/stubenjazz.de\/stj\/wp-json\/wp\/v2\/users\/1"}],"replies":[{"embeddable":true,"href":"https:\/\/stubenjazz.de\/stj\/wp-json\/wp\/v2\/comments?post=3022"}],"version-history":[{"count":38,"href":"https:\/\/stubenjazz.de\/stj\/wp-json\/wp\/v2\/pages\/3022\/revisions"}],"predecessor-version":[{"id":3854,"href":"https:\/\/stubenjazz.de\/stj\/wp-json\/wp\/v2\/pages\/3022\/revisions\/3854"}],"wp:attachment":[{"href":"https:\/\/stubenjazz.de\/stj\/wp-json\/wp\/v2\/media?parent=3022"}],"curies":[{"name":"wp","href":"https:\/\/api.w.org\/{rel}","templated":true}]}}