{"id":3545,"date":"2025-02-03T17:51:59","date_gmt":"2025-02-03T16:51:59","guid":{"rendered":"https:\/\/stubenjazz.de\/stj\/?page_id=3545"},"modified":"2025-02-03T20:59:44","modified_gmt":"2025-02-03T19:59:44","slug":"11-maerz-2025","status":"publish","type":"page","link":"https:\/\/stubenjazz.de\/stj\/11-maerz-2025\/","title":{"rendered":"11. M\u00e4rz 2025"},"content":{"rendered":"\n<div id=\"\" class=\"wp-block-gosign-gosign-background-contianer gosign-color-section btn-full align-false default-padding no-margin boxed-width no-min-height darkColorLayout no-top-border no-bottom-border colorSectionFe background-scroll background-repeat overlay-false defined-width\"><div class=\"outer-container background-scroll\" style=\"background-repeat:repeat;background-color:#f2f2f2\"><div class=\"inner-container\"><div class=\"contentBlock\">\n<div class=\"wp-block-advgb-columns advgb-columns-wrapper\" id=\"advgb-cols-2c2435c4-1620-4eae-ad49-5a314f3d45be\"><div class=\"advgb-columns-container\"><div class=\"advgb-columns advgb-columns-row advgb-is-mobile advgb-columns-2 layout-12-12 mbl-layout-stacked vgutter-10\">\n<div class=\"wp-block-advgb-column advgb-column\" id=\"advgb-col-f91d1abf-135f-4f42-9515-ab84acb1f474\"><div class=\"advgb-column-inner\" style=\"border-style:none;border-width:1px\">\n<div class=\"wp-block-group\"><div class=\"wp-block-group__inner-container is-layout-constrained wp-block-group-is-layout-constrained\">\n<h4 class=\"wp-block-heading has-text-align-center has-custom-lineheight has-custom-letterspacing\" id=\"1-angaben-gem%C3%A4%C3%9F-%C2%A7-5-tmg\" style=\"line-height:1.56;letter-spacing:-1px;font-size:31px\"><span style=\"color: #000000;\" class=\"stk-highlight\"><strong>11. M\u00e4rz 2025<\/strong><\/span><br><span style=\"color: #000000;\" class=\"stk-highlight\"><span style=\"color: #000000;\" class=\"stk-highlight\"><\/span><\/span><\/h4>\n<\/div><\/div>\n\n\n\n<div class=\"wp-block-stackable-text stk-block-text stk-block stk-30de2a5\" data-block-id=\"30de2a5\"><p class=\"stk-block-text__text has-text-align-center\">                            19.30 Uhr<br>                        <strong><a href=\"https:\/\/kommprobier.de\" target=\"_blank\" rel=\"noreferrer noopener\">KommproBier<\/a><\/strong> <br>                         M\u00fchlstrasse 28<br>           88085 Langenargen am Bodensee<br><br><strong><a href=\"https:\/\/shop.ticketpay.de\/ID31ULKL\" data-type=\"link\" data-id=\"https:\/\/shop.ticketpay.de\/CEJT20W8\" target=\"_blank\" rel=\"noreferrer noopener\">Vorverkauf (13 Euro)<\/a><\/strong><br>Abendkasse 15 Euro<br><strong>Einlass 19 Uhr<\/strong><br><br>                         <\/p><\/div>\n\n\n\n<p><\/p>\n\n\n\n<p><\/p>\n\n\n\n<p><\/p>\n\n\n\n<h2 class=\"wp-block-heading has-text-align-center has-black-color has-text-color\" id=\"1-angaben-gem%C3%A4%C3%9F-%C2%A7-5-tmg\"><strong>Arkady Shilkloper &#8211; Johannes B\u00e4r &#8211;  Michael T. Otto<\/strong><span style=\"color: #000000;\" class=\"stk-highlight\"><br>&amp;<br>J\u00fcrgen Weing<\/span><\/h2>\n\n\n\n<div class=\"wp-block-stackable-image stk-block-image stk-block stk-3816ae0\" data-block-id=\"3816ae0\"><\/div>\n<\/div><\/div>\n\n\n\n<div class=\"wp-block-advgb-column advgb-column\" id=\"advgb-col-dca1c22a-2b4c-4224-a3fb-383fdd57acab\"><div class=\"advgb-column-inner\" style=\"border-style:none;border-width:1px\">\n<div class=\"wp-block-stackable-image stk-block-image has-text-align-left stk-block stk-6c36829\" data-block-id=\"6c36829\"><\/div>\n\n\n\n<div class=\"wp-block-uagb-image uagb-block-7acd01f5 wp-block-uagb-image--layout-default wp-block-uagb-image--effect-static wp-block-uagb-image--align-none\"><figure class=\"wp-block-uagb-image__figure\"><img loading=\"lazy\" decoding=\"async\" srcset=\"https:\/\/stubenjazz.de\/stj\/wp-content\/uploads\/2025\/02\/2025-Maerz-La-Connection-516x1024.png ,https:\/\/stubenjazz.de\/stj\/wp-content\/uploads\/2025\/02\/2025-Maerz-La-Connection.png 780w, https:\/\/stubenjazz.de\/stj\/wp-content\/uploads\/2025\/02\/2025-Maerz-La-Connection.png 360w\" sizes=\"(max-width: 480px) 150px\" src=\"https:\/\/stubenjazz.de\/stj\/wp-content\/uploads\/2025\/02\/2025-Maerz-La-Connection-516x1024.png\" alt=\"\" class=\"uag-image-3557\" width=\"516\" height=\"1024\" title=\"\" loading=\"lazy\" role=\"presentation\"\/><\/figure><\/div>\n\n\n\n<p>Collage by Michael T. Otto<\/p>\n\n\n\n<div style=\"height:37px\" aria-hidden=\"true\" class=\"wp-block-spacer\"><\/div>\n\n\n\n<h2 class=\"wp-block-heading\"><span style=\"color: #000000;\" class=\"stk-highlight\"><strong>J\u00fcrgen Weing <\/strong>&#8211; Autor<\/span><\/h2>\n\n\n\n<p><strong><a href=\"https:\/\/stubenjazz.de\/stj\/michael-t-otto\/\">Michael T. Otto<\/a><\/strong> &#8211; Kuhlohorn<br><strong>Arkady Shilkloper <\/strong>&#8211; Waldhorn<br><strong>Johannes B\u00e4r<\/strong> &#8211; Tuba<br><\/p>\n\n\n\n<p><\/p>\n\n\n\n<h4 class=\"wp-block-heading\"><span style=\"color: #000000;\" class=\"stk-highlight\"><\/span><\/h4>\n\n\n\n<h2 class=\"wp-block-heading\"><br><span style=\"color: #000000;\" class=\"stk-highlight\"><\/span><\/h2>\n\n\n\n<div class=\"wp-block-uagb-advanced-heading uagb-block-efce0d88\"><h3 class=\"uagb-heading-text\"><strong><span style=\"color: #1e1e1e;\" class=\"stk-highlight\">Blech &amp; Poesie <\/span><\/strong><\/h3><\/div>\n\n\n\n<p>Was macht Krach und gute Laune? <br>Die drei Musiker, Michael T. Otto auf dem Kuhlohorn, Arkady Shilkloper am Waldhorn und Johannes B\u00e4r an der Tuba sowie der Lyriker J\u00fcrgen Weing mit eigenen Texten. <\/p>\n\n\n\n<div class=\"wp-block-uagb-advanced-heading uagb-block-d4aaccb5\"><h3 class=\"uagb-heading-text\"><span style=\"color: #292424;\" class=\"stk-highlight\">Lyrische Blechinstrumente und lautstarke Texte. <\/span><\/h3><\/div>\n\n\n\n<p>Das unterhaltsame Quartett spielt St\u00fccke, die fr\u00f6hlich mit der Sprache spielen oder eine urjazzige Gem\u00fctlichkeit verbreiten. <\/p>\n\n\n\n<p>I hear wohl schlecht!<\/p>\n<\/div><\/div>\n<\/div><\/div><\/div>\n<\/div><\/div><\/div><\/div>\n<style class=\"advgb-styles-renderer\">.stk-3816ae0 .stk-img-wrapper{width:50% !important;height:50% !important;}.stk-3816ae0 .stk-img-wrapper img{object-position:49% 19% !important;}.stk-6c36829 .stk-img-wrapper{width:50% !important;height:50% !important;}#advgb-cols-2c2435c4-1620-4eae-ad49-5a314f3d45be{}@media screen and (max-width: 1023px) {#advgb-cols-2c2435c4-1620-4eae-ad49-5a314f3d45be{}}@media screen and (max-width: 767px) {#advgb-cols-2c2435c4-1620-4eae-ad49-5a314f3d45be{}}#advgb-col-f91d1abf-135f-4f42-9515-ab84acb1f474>.advgb-column-inner{}@media screen and (max-width: 1023px) {#advgb-col-f91d1abf-135f-4f42-9515-ab84acb1f474>.advgb-column-inner{}}@media screen and (max-width: 767px) {#advgb-col-f91d1abf-135f-4f42-9515-ab84acb1f474>.advgb-column-inner{}}#advgb-col-dca1c22a-2b4c-4224-a3fb-383fdd57acab>.advgb-column-inner{}@media screen and (max-width: 1023px) {#advgb-col-dca1c22a-2b4c-4224-a3fb-383fdd57acab>.advgb-column-inner{}}@media screen and (max-width: 767px) {#advgb-col-dca1c22a-2b4c-4224-a3fb-383fdd57acab>.advgb-column-inner{}}<\/style>","protected":false},"excerpt":{"rendered":"","protected":false},"author":1,"featured_media":0,"parent":0,"menu_order":0,"comment_status":"closed","ping_status":"closed","template":"page-templates\/page-fullwidth.php","meta":{"_coblocks_attr":"","_coblocks_dimensions":"","_coblocks_responsive_height":"","_coblocks_accordion_ie_support":"","_uag_custom_page_level_css":"","ub_ctt_via":"","advgb_blocks_editor_width":"","advgb_blocks_columns_visual_guide":"","footnotes":""},"featured_image_src":null,"uagb_featured_image_src":{"full":false,"thumbnail":false,"medium":false,"medium_large":false,"large":false,"1536x1536":false,"2048x2048":false},"uagb_author_info":{"display_name":"Andrea","author_link":"https:\/\/stubenjazz.de\/stj\/author\/andrea\/"},"uagb_comment_info":0,"uagb_excerpt":null,"coauthors":[],"author_meta":{"author_link":"https:\/\/stubenjazz.de\/stj\/author\/andrea\/","display_name":"Andrea"},"relative_dates":{"created":"Posted 1\u00a0Jahr ago","modified":"Updated 1\u00a0Jahr ago"},"absolute_dates":{"created":"Posted on 3. Februar 2025","modified":"Updated on 3. Februar 2025"},"absolute_dates_time":{"created":"Posted on 3. Februar 2025 17:51","modified":"Updated on 3. Februar 2025 20:59"},"featured_img_caption":"","featured_img":false,"series_order":"","_links":{"self":[{"href":"https:\/\/stubenjazz.de\/stj\/wp-json\/wp\/v2\/pages\/3545"}],"collection":[{"href":"https:\/\/stubenjazz.de\/stj\/wp-json\/wp\/v2\/pages"}],"about":[{"href":"https:\/\/stubenjazz.de\/stj\/wp-json\/wp\/v2\/types\/page"}],"author":[{"embeddable":true,"href":"https:\/\/stubenjazz.de\/stj\/wp-json\/wp\/v2\/users\/1"}],"replies":[{"embeddable":true,"href":"https:\/\/stubenjazz.de\/stj\/wp-json\/wp\/v2\/comments?post=3545"}],"version-history":[{"count":17,"href":"https:\/\/stubenjazz.de\/stj\/wp-json\/wp\/v2\/pages\/3545\/revisions"}],"predecessor-version":[{"id":3566,"href":"https:\/\/stubenjazz.de\/stj\/wp-json\/wp\/v2\/pages\/3545\/revisions\/3566"}],"wp:attachment":[{"href":"https:\/\/stubenjazz.de\/stj\/wp-json\/wp\/v2\/media?parent=3545"}],"curies":[{"name":"wp","href":"https:\/\/api.w.org\/{rel}","templated":true}]}}

11. März 2025

<div id="" class="wp-block-gosign-gosign-background-contianer gosign-color-section btn-full align-false default-padding no-margin boxed-width no-min-height darkColorLayout no-top-border no-bottom-border colorSectionFe background-scroll background-repeat overlay-false defined-width"><div class="outer-container background-scroll" style="background-repeat:repeat;background-color:#f2f2f2"><div class="inner-container"><div class="contentBlock">
<div class="wp-block-advgb-columns advgb-columns-wrapper" id="advgb-cols-2c2435c4-1620-4eae-ad49-5a314f3d45be"><div class="advgb-columns-container"><div class="advgb-columns advgb-columns-row advgb-is-mobile advgb-columns-2 layout-12-12 mbl-layout-stacked vgutter-10">
<div class="wp-block-advgb-column advgb-column" id="advgb-col-f91d1abf-135f-4f42-9515-ab84acb1f474"><div class="advgb-column-inner" style="border-style:none;border-width:1px">
<div class="wp-block-group"><div class="wp-block-group__inner-container is-layout-constrained wp-block-group-is-layout-constrained">
<h4 class="wp-block-heading has-text-align-center has-custom-lineheight has-custom-letterspacing" id="1-angaben-gem%C3%A4%C3%9F-%C2%A7-5-tmg" style="line-height:1.56;letter-spacing:-1px;font-size:31px"><span style="color: #000000;" class="stk-highlight"><strong>11. März 2025</strong></span><br><span style="color: #000000;" class="stk-highlight"><span style="color: #000000;" class="stk-highlight"></span></span></h4>
</div></div>



<div class="wp-block-stackable-text stk-block-text stk-block stk-30de2a5" data-block-id="30de2a5"><p class="stk-block-text__text has-text-align-center">                            19.30 Uhr<br>                        <strong><a href="https://kommprobier.de" target="_blank" rel="noreferrer noopener">KommproBier</a></strong> <br>                         Mühlstrasse 28<br>           88085 Langenargen am Bodensee<br><br><strong><a href="https://shop.ticketpay.de/ID31ULKL" data-type="link" data-id="https://shop.ticketpay.de/CEJT20W8" target="_blank" rel="noreferrer noopener">Vorverkauf (13 Euro)</a></strong><br>Abendkasse 15 Euro<br><strong>Einlass 19 Uhr</strong><br><br>                         </p></div>



<p></p>



<p></p>



<p></p>



<h2 class="wp-block-heading has-text-align-center has-black-color has-text-color" id="1-angaben-gem%C3%A4%C3%9F-%C2%A7-5-tmg"><strong>Arkady Shilkloper &#8211; Johannes Bär &#8211;  Michael T. Otto</strong><span style="color: #000000;" class="stk-highlight"><br>&amp;<br>Jürgen Weing</span></h2>



<div class="wp-block-stackable-image stk-block-image stk-block stk-3816ae0" data-block-id="3816ae0"></div>
</div></div>



<div class="wp-block-advgb-column advgb-column" id="advgb-col-dca1c22a-2b4c-4224-a3fb-383fdd57acab"><div class="advgb-column-inner" style="border-style:none;border-width:1px">
<div class="wp-block-stackable-image stk-block-image has-text-align-left stk-block stk-6c36829" data-block-id="6c36829"></div>



<div class="wp-block-uagb-image uagb-block-7acd01f5 wp-block-uagb-image--layout-default wp-block-uagb-image--effect-static wp-block-uagb-image--align-none"><figure class="wp-block-uagb-image__figure"><img loading="lazy" decoding="async" srcset="https://stubenjazz.de/stj/wp-content/uploads/2025/02/2025-Maerz-La-Connection-516x1024.png ,https://stubenjazz.de/stj/wp-content/uploads/2025/02/2025-Maerz-La-Connection.png 780w, https://stubenjazz.de/stj/wp-content/uploads/2025/02/2025-Maerz-La-Connection.png 360w" sizes="(max-width: 480px) 150px" src="https://stubenjazz.de/stj/wp-content/uploads/2025/02/2025-Maerz-La-Connection-516x1024.png" alt="" class="uag-image-3557" width="516" height="1024" title="" loading="lazy" role="presentation"/></figure></div>



<p>Collage by Michael T. Otto</p>



<div style="height:37px" aria-hidden="true" class="wp-block-spacer"></div>



<h2 class="wp-block-heading"><span style="color: #000000;" class="stk-highlight"><strong>Jürgen Weing </strong>&#8211; Autor</span></h2>



<p><strong><a href="https://stubenjazz.de/stj/michael-t-otto/">Michael T. Otto</a></strong> &#8211; Kuhlohorn<br><strong>Arkady Shilkloper </strong>&#8211; Waldhorn<br><strong>Johannes Bär</strong> &#8211; Tuba<br></p>



<p></p>



<h4 class="wp-block-heading"><span style="color: #000000;" class="stk-highlight"></span></h4>



<h2 class="wp-block-heading"><br><span style="color: #000000;" class="stk-highlight"></span></h2>



<div class="wp-block-uagb-advanced-heading uagb-block-efce0d88"><h3 class="uagb-heading-text"><strong><span style="color: #1e1e1e;" class="stk-highlight">Blech &amp; Poesie </span></strong></h3></div>



<p>Was macht Krach und gute Laune? <br>Die drei Musiker, Michael T. Otto auf dem Kuhlohorn, Arkady Shilkloper am Waldhorn und Johannes Bär an der Tuba sowie der Lyriker Jürgen Weing mit eigenen Texten. </p>



<div class="wp-block-uagb-advanced-heading uagb-block-d4aaccb5"><h3 class="uagb-heading-text"><span style="color: #292424;" class="stk-highlight">Lyrische Blechinstrumente und lautstarke Texte. </span></h3></div>



<p>Das unterhaltsame Quartett spielt Stücke, die fröhlich mit der Sprache spielen oder eine urjazzige Gemütlichkeit verbreiten. </p>



<p>I hear wohl schlecht!</p>
</div></div>
</div></div></div>
</div></div></div></div>
<style class="advgb-styles-renderer">.stk-3816ae0 .stk-img-wrapper{width:50% !important;height:50% !important;}.stk-3816ae0 .stk-img-wrapper img{object-position:49% 19% !important;}.stk-6c36829 .stk-img-wrapper{width:50% !important;height:50% !important;}#advgb-cols-2c2435c4-1620-4eae-ad49-5a314f3d45be{}@media screen and (max-width: 1023px) {#advgb-cols-2c2435c4-1620-4eae-ad49-5a314f3d45be{}}@media screen and (max-width: 767px) {#advgb-cols-2c2435c4-1620-4eae-ad49-5a314f3d45be{}}#advgb-col-f91d1abf-135f-4f42-9515-ab84acb1f474>.advgb-column-inner{}@media screen and (max-width: 1023px) {#advgb-col-f91d1abf-135f-4f42-9515-ab84acb1f474>.advgb-column-inner{}}@media screen and (max-width: 767px) {#advgb-col-f91d1abf-135f-4f42-9515-ab84acb1f474>.advgb-column-inner{}}#advgb-col-dca1c22a-2b4c-4224-a3fb-383fdd57acab>.advgb-column-inner{}@media screen and (max-width: 1023px) {#advgb-col-dca1c22a-2b4c-4224-a3fb-383fdd57acab>.advgb-column-inner{}}@media screen and (max-width: 767px) {#advgb-col-dca1c22a-2b4c-4224-a3fb-383fdd57acab>.advgb-column-inner{}}</style>
